{"id":323,"date":"2018-08-10T10:42:31","date_gmt":"2018-08-10T10:42:31","guid":{"rendered":"https:\/\/mein-hombergen.de\/?page_id=323"},"modified":"2018-08-10T15:01:05","modified_gmt":"2018-08-10T15:01:05","slug":"am-krickenbecker-see-2","status":"publish","type":"page","link":"https:\/\/mein-hombergen.de\/?page_id=323","title":{"rendered":"Am Krickenbecker See"},"content":{"rendered":"<p>Das Hotel\/Restaurant <a href=\"http:\/\/www.krickenbecker-see.de\/01restaurant.html\">Am Krickenbecker See<\/a> ist ein qualitativ hochwertiges Restaurant. Mit seinem herrlichen Blick \u00fcber den krickenbecker See sitz man in einem wunderbaren Restaurant mit viel Auswahl. Au\u00dferdem kann man hier auch feste feiern. F\u00fcr Parkpl\u00e4tze ist ebenfalls gesorgt, denn direkt neben dem Restaurant befindet sich ein gro\u00df angelegter Parkplatz.<\/p>\n","protected":false},"excerpt":{"rendered":"<p>Das Hotel\/Restaurant Am Krickenbecker See ist ein qualitativ hochwertiges Restaurant. Mit seinem herrlichen Blick \u00fcber den krickenbecker See sitz man in einem wunderbaren Restaurant mit viel Auswahl. Au\u00dferdem kann man hier auch feste feiern. F\u00fcr Parkpl\u00e4tze ist ebenfalls gesorgt, denn direkt neben dem Restaurant befindet sich ein gro\u00df angelegter Parkplatz.<\/p>\n","protected":false},"author":1,"featured_media":0,"parent":0,"menu_order":0,"comment_status":"closed","ping_status":"closed","template":"","meta":{"footnotes":""},"class_list":["post-323","page","type-page","status-publish","hentry"],"_links":{"self":[{"href":"https:\/\/mein-hombergen.de\/index.php?rest_route=\/wp\/v2\/pages\/323","targetHints":{"allow":["GET"]}}],"collection":[{"href":"https:\/\/mein-hombergen.de\/index.php?rest_route=\/wp\/v2\/pages"}],"about":[{"href":"https:\/\/mein-hombergen.de\/index.php?rest_route=\/wp\/v2\/types\/page"}],"author":[{"embeddable":true,"href":"https:\/\/mein-hombergen.de\/index.php?rest_route=\/wp\/v2\/users\/1"}],"replies":[{"embeddable":true,"href":"https:\/\/mein-hombergen.de\/index.php?rest_route=%2Fwp%2Fv2%2Fcomments&post=323"}],"version-history":[{"count":2,"href":"https:\/\/mein-hombergen.de\/index.php?rest_route=\/wp\/v2\/pages\/323\/revisions"}],"predecessor-version":[{"id":350,"href":"https:\/\/mein-hombergen.de\/index.php?rest_route=\/wp\/v2\/pages\/323\/revisions\/350"}],"wp:attachment":[{"href":"https:\/\/mein-hombergen.de\/index.php?rest_route=%2Fwp%2Fv2%2Fmedia&parent=323"}],"curies":[{"name":"wp","href":"https:\/\/api.w.org\/{rel}","templated":true}]}}