{"id":22,"date":"2018-08-07T09:18:35","date_gmt":"2018-08-07T09:18:35","guid":{"rendered":"https:\/\/mein-hombergen.de\/?page_id=22"},"modified":"2018-08-10T11:38:09","modified_gmt":"2018-08-10T11:38:09","slug":"ueber-mich","status":"publish","type":"page","link":"https:\/\/mein-hombergen.de\/?page_id=22","title":{"rendered":"Aktivit\u00e4ten"},"content":{"rendered":"<p>In Hombergen gibt s au\u00dferordentlich viele wie auch sch\u00f6ne Aktivit\u00e4ten bzw. Attraktionen. Wie den Krickenbecker See mit seiner NABU- Station. Au\u00dferdem besitzt Hombergen mit dem Golfplatz und dem Textilmuseum eine gro\u00dfe Spannweite an Attraktionen f\u00fcr jeden Geschmack.<\/p>\n<p>Weitere Aktivit\u00e4ten sind:<\/p>\n<p>Der Minigolfplatz ( vorzufinden nahe des Krickenbecker Sees )<\/p>\n<p>Der Fahrradverleih ( gleich am Minigolfplatz )<\/p>\n<p>Die Akademie Schloss Krickenbeck<\/p>\n<p>Der Aussichtsturm ( vorzufinden in den Hinsbecker H\u00f6hen )<\/p>\n","protected":false},"excerpt":{"rendered":"<p>In Hombergen gibt s au\u00dferordentlich viele wie auch sch\u00f6ne Aktivit\u00e4ten bzw. Attraktionen. Wie den Krickenbecker See mit seiner NABU- Station. Au\u00dferdem besitzt Hombergen mit dem Golfplatz und dem Textilmuseum eine gro\u00dfe Spannweite an Attraktionen f\u00fcr jeden Geschmack. Weitere Aktivit\u00e4ten sind: Der Minigolfplatz ( vorzufinden nahe des Krickenbecker Sees ) Der Fahrradverleih ( gleich am Minigolfplatz &hellip; <\/p>\n<p class=\"link-more\"><a href=\"https:\/\/mein-hombergen.de\/?page_id=22\" class=\"more-link\"><span class=\"screen-reader-text\">\u201eAktivit\u00e4ten\u201c <\/span>weiterlesen<\/a><\/p>\n","protected":false},"author":1,"featured_media":0,"parent":0,"menu_order":0,"comment_status":"closed","ping_status":"closed","template":"","meta":{"footnotes":""},"class_list":["post-22","page","type-page","status-publish","hentry"],"_links":{"self":[{"href":"https:\/\/mein-hombergen.de\/index.php?rest_route=\/wp\/v2\/pages\/22","targetHints":{"allow":["GET"]}}],"collection":[{"href":"https:\/\/mein-hombergen.de\/index.php?rest_route=\/wp\/v2\/pages"}],"about":[{"href":"https:\/\/mein-hombergen.de\/index.php?rest_route=\/wp\/v2\/types\/page"}],"author":[{"embeddable":true,"href":"https:\/\/mein-hombergen.de\/index.php?rest_route=\/wp\/v2\/users\/1"}],"replies":[{"embeddable":true,"href":"https:\/\/mein-hombergen.de\/index.php?rest_route=%2Fwp%2Fv2%2Fcomments&post=22"}],"version-history":[{"count":8,"href":"https:\/\/mein-hombergen.de\/index.php?rest_route=\/wp\/v2\/pages\/22\/revisions"}],"predecessor-version":[{"id":328,"href":"https:\/\/mein-hombergen.de\/index.php?rest_route=\/wp\/v2\/pages\/22\/revisions\/328"}],"wp:attachment":[{"href":"https:\/\/mein-hombergen.de\/index.php?rest_route=%2Fwp%2Fv2%2Fmedia&parent=22"}],"curies":[{"name":"wp","href":"https:\/\/api.w.org\/{rel}","templated":true}]}}